5 + 10 + -14))?
76
17 - (56 + -88) - (-5 - -169)
-115
Calculate -46 + (-31 - (-37 - 27) - 37).
-50
What is the value of -103 - (97 - 171 - 102)?
73
What is -8 + (19 - 16) + (-2 - 0) + 13 + 48?
54
-16 + -1 - (74 - -2 - 4)
-89
((22 - 37) + 24 - (7 + -2 + 2)) + 11
13
What is the value of 2 + -51 - (50 + -32 + -27)?
-40
What is 16 - (-2 + 12 - (4 - 12)) - (-58 - 0)?
56
148 + 2 + -3 - (-313 - (-148 + -186))
126
What is 168 - 186 - (1 + -106)?
87
What is (-61 - (-4 - 3) - -3) + (36 - 0) + -27?
-42
(76 - -7) + (-14 + 39 - 47)
61
What is (-22 + 30 - 18) + (7 - 14 - (0 - 5))?
-12
What is the value of 36 + -4 + (113 + -27 - 30)?
88
What is the value of (8 + -30 - 22 - -150) + 50?
156
What is -112 + 64 + 61 + 5 + -2?
16
Calculate (9 - (-9 + 1 + (35 - 27))) + -52.
-43
Evaluate -71 - (30 + -138 + -11).
48
10 - 16 - -102 - 50
46
Evaluate (65 - 17) + (0 - -35) + -31.
52
(-3 - -8 - (-3 + 6)) + (11 - (-8 + 133))
-112
Evaluate -28 + -7 - (-8 + 2).
-29
0 + (0 + -19 - (-163 + 134))
10
What is the value of (0 + -10 - (4 + -94 - -92)) + 51?
39
2061 + -2085 - (2 + -95)
69
What is the value of (-15 - -42) + -23 + 28 - (10 + -6)?
28
Evaluate (-5 - 126) + (-2 + -6 - -17 - (-14 - -21)).
-129
What is 85 + -43 + (-3 - (-6 - -2) - 4)?
39
Evaluate 20 - (9 + 1 + (-65 + 59 - (-3 - -5))).
18
-141 + (-110 - -102 - -69)
-80
Calculate (-3 - -124) + (-3 - 1) - (901 + -898).
114
What is -1 - 1 - 0 - (109 + -95 + -16)?
0
What is the value of -42 + (-6 - 31) + (-10 + 1 - -19)?
-69
Evaluate 28 + 54 + -8 + -111.
-37
(28 + -78 - -65) + 3
18
-4 + 7 + (-6 - -14) + (20 + -8 - 54)
-31
58 + -223 + 100 - (0 + 1)
-66
Calculate (1 - -5) + -5 + (-11 - -108) + -31 + 12.
79
What is the value of (-33 - 13) + 7 + (10 - 4) - (-7 - 0)?
-26
Evaluate (25 - 30) + -31 - -58.
22
Evaluate -3 - 4 - (6 - (37 + -67)).
-43
-30 + 62 + 61 + -171
-78
Evaluate 1 + 27 - (28 + 81 + -30).
-51
-46 + -9 - (427 - 513)
31
What is 23 + 3 + (-4 - (-10 + 4)) + -6?
22
20 - (100 - 31 - -17)
-66
What is 1 - 0 - (45 + -14 - 30) - 11?
-11
Calculate -4 + 80 + -22 + (0 - 13).
41
Evaluate -55 - -58 - (-9 + (4 - -5) + -91).
94
Calculate (-1 - -74) + (1174 - 1199).
48
Calculate -60 - (1 + (-33 - 13)).
-15
Evaluate -69 + (76 - 48) - -26.
-15
Evaluate -36 - (3 + -27 - 12 - 83).
83
Calculate 10 + (0 - -3 - ((2 - -17) + -6)).
0
-26 - (-18 + -79) - 45
26
Calculate -19 + 15 + (185 - 33) + -1 + -11.
136
Calculate 27 - (-66 - -27) - 40.
26
6 + (-166 - -108) + 18
-34
What is (8 - (35 - (-10 - -26))) + 16?
5
What is 15 + -61 + 75 + -92 + -1 + 6?
-58
What is (23 - (16 - (26 - 19))) + 5?
19
Evaluate 346 + -363 + (51 - 11).
23
What is the value of (-17 - -1) + 8 - -13 - (-65 + 35)?
35
Calculate -36 - -18 - (45 - 67).
4
Evaluate -20 + 16 - (30 + -8 + 21).
-47
What is (1 - 1 - (-58 + 57 + 5)) + -81?
-85
What is the value of (-8 - -13 - 9) + (15 - 58 - (18 - 6))?
-59
Evaluate 14 + (32 - 34) + -5 + -24.
-17
52 + (-6 - (10 + 1 + -10) - 7)
38
Evaluate 10 - 3 - (9 + (7 - 0)) - (3 - -4).
-16
What is 20 + -124 + 192 + -157?
-69
-6 + (-7 - (-35 - (19 - 120)))
-79
What is the value of -15 + (-1 - 3) - (-25 - -12) - (-2 + 43)?
-47
Evaluate 178 + (87 + -149 - 34).
82
What is 7 + 43 - 12 - (0 - 2)?
40
What is the value of -78 - ((-16 + 10 - -14 - (7 - -10)) + 21)?
-90
What is the value of 2 + -11 - (-1214 - -1279)?
-74
Calculate 0 + -11 - (-9 - (-11 + 69 - (14 + -7))).
49
Evaluate 3 - ((29 - -4) + (-55 - -36 - 1)).
-10
(106 + -48 - (6 - -55)) + -55 + (-2 - 0)
-60
What is the value of (8 - 17) + (4 - (-40 - (5 - -1)))?
41
Calculate 43 + 125 + -75 + 27.
120
Evaluate 295 + -292 - (21 + 3 - -1).
-22
Calculate 4 + (0 - 34) - ((15 - 3) + -12).
-30
What is -1298 + 1249 - (-69 - 1)?
21
Evaluate (22 - -15) + -28 - 71.
-62
What is the value of 2 - (-9 + -1 + (370 - 364) - 66)?
72
Calculate 11 - (-2 - -7 - (-7 - -5)).
4
What is 113 + 20 + (-24 - ((17 - 48) + 1 + 14))?
125
What is the value of (17 - 30 - -9) + 26?
22
Calculate -60 - (60 + -112) - (-6 - -21).
-23
67 + -35 - 44 - -12 - (11 - -4)
-15
What is the value of -6 + -15 + (-18 - -57 - 15) - 42?
-39
What is 22 + 96 + -28 + -19?
71
Evaluate -25 + (-5 - -1) + 4 + -16.
-41
What is 65 + -120 + 132 + -207?
-130
What is 12 - ((1 + 8 - (244 + -217)) + -3)?
33
What is the value of 3 + (2 - -4) - ((-29 - -18) + (4 - -16))?
0
What is -6 - (13 - 29 - -39 - 16) - 75?
-88
What is the value of (142 - 231 - -84) + 49?
44
27 - (-6 + (-28 + 34 - (-16 + 18)))
29
What is the value of (-40 - -119 - 91 - (-1 - 8)) + 12?
9
What is the value of -3 + 13 + -30 - (-544 - -620)?
-96
Calculate -9 + -1 + 121 + -108 + -45.
-42
-5 - -2 - (92 + -54 - -30) - (-5 - -1)
-67
13 + 13 + (0 - 7) + (-42 - -40)
17
Calculate (2 - (1 + (0 - -23))) + (-64 - -170) + -103.
-19
96 - ((1 + 7 - 2 - -6 - -9) + -12)
87
Evaluate (71 - 56) + 42 + 1 + -5.
53
What is -1 + (-9 - -10) - ((7 - 21) + 28)?
-14
Evaluate (-44 - 8) + 114 + -5 + 13.
70
What is 84 - (45 - (15 - 26))?
28
Calculate 174 + -375 + 284 - (0 + 8).
75
What is the value of -7 + 22 + (4 - -1) + (13 - 12)?
21
(534 + -474 - (3 - -55)) + (-2 - -1)
1
What is the value of 4 + (16 - (0 + 14 - 3)) + 9?
18
What is the value of 51 - (25 - (0 + -15 - -15))?
26
What is the value of -8 - (30 - (76 - 46))?
-8
What is (-45 - -33) + 8 + -40?
-44
Calculate 23 + 21 + (35 + -41 - -34).
72
What is the value of 12 + 9 + 21 + -25 + (1 - -4)?
22
Evaluate 17 - (45 + 12 - -13).
-53
What is the value of 11 + (-39 - -2) + 17 + 20?
11
Evaluate -12 - -31 - 21 - 4 - 17.
-23
Evaluate -16 - ((-5 + 20 - 31 - -8) + 3).
-11
What is 115 + -29 + -51 + 16?
51
27 + (-12 - (5 + (19 - 28)) - (2 + -1))
18
Evaluate -16 + (96 - (100 + -54)).
34
Calculate -23 - (1 - -13 - 42).
5
Calculate ((-15 - -1) + -288 + 298 - 4) + -32.
-40
What is the value of (-338 - -354) + (3 - 3 - -28)?
44
Evaluate 52 - ((-2 - (0 - 1)) + 72 + -48 + -26).
55
-12 - -18 - (-8 + 15 + -31) - 3
27
(1 - 3) + 30 + 3260 + -3281
7
What is the value of 92 + (84 + -118 - -46)?
104
Evaluate (6 - (-4 + 1) - 13) + -1 + -3 - -29.
21
Calculate 0 + -57 + (103 - 84) - (0 - 2).
-36
What is (-5 - 46 - ((-1 - -9) + -9)) + 32 + -37?
-55
(0 + -11 - -21) + -5 + 84 - (-7 + 8)
88
Evaluate 39 - (-6 + (10 - 13) + (2 - 4) + 2).
48
Evaluate (-10 - -3) + 3 - -17 - 18.
-5
Calculate (38 + -23 - -32) + -15 + 16.
48
Evaluate 9 + (-4 - -5 - (-1 - -1)) + (-243 - -267).
34
Calculate 31 + -3 - (35 - (-8 + 58)).
43
What is 79 - 2 - (-22 - -14) - (12 + 0)?
73
Calculate 4 + -12 + 9 + (33 - 39).
-5
Calculate -16 - (-26 + 43 - 10) - -8.
-15
Calculate (-12 - 18 - 27) + (14 - -7).
-36
Evaluate 1 - (2 + (-1 - -11) + 6 + -7 + -80).
70
-23 + (18 + -33 + -11 - -36)
-13
(117 - 348 - -153) + -62
-140
What is the value of (1 + -45 - (-834 - -830)) + 9?
-31
Calculate (-52 - -44 - -52) + -60.
-16
31 + -49 - (-73 + (30 - 16))
41
What is (0 - (-2 + 2)) + 4 + 1 + 15 + -23?
-3
Calculate -54 + (98 - (-155 - -94)).
105
40 - (27 - (-53 + 18) - 45)
23
Evaluate (0 - -11) + -2 + (12 - (-13 + 44 + -22)).
12
6 + (38 - 13 - 36)
-5
Calculate (20 - (19 - -22)) + 40 + -46.
-27
What is the value of 50 - 6 - ((3 - 0) + (-12 - -3))?
50
What is the value of -123 - ((-21 - -13) + -53)?
-62
What is the value of 6 - (11 + (-14 - -23) + -13 + -11)?
10
Calculate 43 - (-51 - -18 - (-16 + 6)).
66
Evaluate (-2 - -47) + 64 + -131 + 41.
19
(21 - 0) + (2 + -13 - (-31 - -25)) + 12
28
Calculate 10 - (50 - (-1 + -20 + 12 + 21)).
-28
What is the value of -225 + 267 + (8 - 17)?
33
Calculate (-2 - -6 - -4) + 8 + -3 - 9 - -7.
11
What is -5207 + 5200 - (-1 + 126 + 1 - -2)?
-135
Evaluate -13 - ((-3 - 7) + 12) - 11.
-26
What is -45 - 4 - (4 + 1 - 8 - 3)?
-43
1 + -4 - -15 - (-675 + 696)
-9
Calculate -35 + -38 + 167 + -21.
73
What is the value of -11 + (99 - 102 - -4)?
-10
What is the value of -13 + (7 - 0) + -16 + (-8 - -7 - 9)?
-32
What is 11 + 0 - (-111 - (54 + -165))?
11
Evaluate -140 + (40 - (-198 - -78)).
20
What is the value of -1001 + 997 + (-2 + 2 + 78 - (3 + -7))?
78
What is -29 + (7 + 22 - 1) - (8 + -25)?
16
What is the value of (-50 - 4 - (-6 - 30)) + -12?
-30
What is the value of -146 + -90 + 51 + 56?
-129
53 + (35 - 90) - 37
-39
-2 + 1 - ((41 - 2) + (115 - 256))
101
Evaluate -23 + 56 - -3 - 81.
-45
What is the value of 1 + 16 - (-4 - -54 - 50) - -39?
56
What is 27 + 12 + -105 + 29?
-37
135 + 0 + (6 - (0 + 63)) + 42
120
Evaluate (-1 - -12) + (2510 - 254